
33
What is the greatest common divisor of 3048 and 586232?
1016
What is the highest common divisor of 264150 and 250?
50
Calculate the greatest common divisor of 292479 and 99.
33
Calculate the greatest common factor of 614103 and 63.
21
What is the highest common divisor of 386690 and 10?
10
Calculate the highest common factor of 291456 and 69.
69
What is the highest common factor of 6 and 85962?
6
Calculate the highest common divisor of 16 and 228896.
16
Calculate the highest common factor of 71316 and 70.
14
What is the greatest common divisor of 326 and 1840922?
326
Calculate the greatest common divisor of 14060 and 333.
37
Calculate the greatest common divisor of 859472 and 16.
16
What is the highest common divisor of 58872 and 5104?
88
Calculate the highest common factor of 5915 and 1341522.
1183
What is the greatest common divisor of 54424 and 56?
8
What is the highest common divisor of 3360 and 4845?
15
What is the highest common divisor of 19127 and 617?
617
What is the greatest common factor of 554424 and 312?
312
What is the greatest common factor of 119655 and 390?
15
Calculate the highest common factor of 167 and 267367.
167
What is the greatest common divisor of 17 and 4811?
17
What is the highest common factor of 522 and 5976?
18
What is the highest common factor of 1024 and 4672?
64
What is the greatest common divisor of 1116 and 1438989?
93
What is the greatest common factor of 2155365 and 75?
15
What is the highest common factor of 7071 and 129?
3
Calculate the greatest common factor of 30 and 20490.
30
Calculate the greatest common divisor of 1694 and 24662.
22
What is the highest common factor of 1615792 and 16?
16
Calculate the greatest common divisor of 3 and 41.
1
Calculate the greatest common divisor of 8593 and 133522.
661
Calculate the highest common factor of 10051454 and 4396.
2198
Calculate the highest common divisor of 27 and 110457.
27
What is the greatest common factor of 34 and 343961?
17
What is the greatest common factor of 156 and 16718?
26
What is the greatest common divisor of 368445 and 40?
5
Calculate the greatest common divisor of 75842 and 26.
26
Calculate the greatest common factor of 41003 and 2191.
313
What is the highest common divisor of 2639 and 133?
7
Calculate the highest common divisor of 87 and 316245.
87
What is the highest common divisor of 1853544 and 204?
204
Calculate the highest common divisor of 136 and 562819.
17
What is the greatest common divisor of 421750 and 175?
175
What is the greatest common factor of 9678027 and 383?
383
What is the greatest common factor of 1467426 and 1194?
1194
What is the highest common factor of 8048 and 3664?
16
What is the greatest common factor of 26595 and 702?
27
What is the highest common factor of 110983 and 203?
29
What is the greatest common factor of 19617 and 39?
39
Calculate the highest common factor of 8624 and 133232.
176
Calculate the greatest common divisor of 1138 and 538274.
1138
What is the greatest common divisor of 14502 and 204?
6
Calculate the highest common factor of 576 and 241488.
144
What is the highest common divisor of 630006 and 11726?
1066
Calculate the highest common factor of 16994 and 30472.
586
Calculate the highest common divisor of 30017 and 52.
13
What is the highest common factor of 2430 and 15925?
5
Calculate the greatest common factor of 4391480 and 1515.
505
Calculate the highest common divisor of 78 and 255801.
39
Calculate the greatest common factor of 1101 and 108.
3
Calculate the greatest common divisor of 6240 and 1949376.
1248
What is the highest common divisor of 1083 and 151981?
361
What is the highest common divisor of 78921 and 8325?
333
What is the highest common factor of 11067 and 30226?
119
What is the greatest common divisor of 43146 and 2021?
47
Calculate the highest common factor of 9854 and 2054.
26
Calculate the greatest common factor of 9300 and 110484.
372
Calculate the highest common divisor of 2590 and 560.
70
What is the greatest common divisor of 4004 and 884?
52
Calculate the highest common divisor of 10080 and 2908800.
1440
Calculate the greatest common factor of 33 and 188771.
11
What is the highest common divisor of 3000 and 81?
3
Calculate the greatest common divisor of 80 and 42648.
8
Calculate the greatest common factor of 688 and 9704.
8
Calculate the highest common divisor of 107408 and 1568.
784
Calculate the highest common factor of 2354 and 6094.
22
What is the greatest common divisor of 184723 and 77?
77
What is the highest common divisor of 2754 and 6561?
81
What is the greatest common divisor of 97477 and 107?
107
Calculate the greatest common factor of 11473 and 2506.
7
What is the greatest common factor of 444 and 85914?
222
What is the greatest common factor of 43955 and 215?
5
Calculate the greatest common divisor of 166 and 122093.
83
What is the greatest common factor of 3528 and 1512504?
504
Calculate the highest common divisor of 2086 and 112.
14
What is the highest common factor of 375 and 1163500?
125
Calculate the greatest common factor of 119 and 4998.
119
What is the highest common divisor of 6527 and 856?
107
What is the highest common divisor of 5757 and 23978?
19
What is the greatest common factor of 23002 and 1267?
7
Calculate the highest common factor of 205465 and 86710.
1885
What is the highest common divisor of 3220785 and 90?
45
What is the highest common factor of 1547710 and 50?
10
What is the greatest common divisor of 151786 and 261?
29
What is the highest common divisor of 159 and 985323?
159
Calculate the greatest common factor of 31740 and 540.
60
What is the greatest common factor of 912 and 1843?
19
Calculate the highest common divisor of 513 and 366.
3
What is the highest common factor of 31083 and 39?
39
Calculate the highest common divisor of 25920 and 56.
8
Calculate the highest common divisor of 255 and 1479.
51
Calculate the greatest common factor of 2 and 11318.
2
Calculate the greatest common divisor of 1392 and 2679252.
348
What is the greatest common divisor of 18 and 116562?
6
What is the greatest common divisor of 36 and 45801?
9
What is the highest common factor of 7514 and 1054?
34
Calculate the highest common factor of 172007 and 418.
209
What is the greatest common divisor of 254528 and 328?
328
What is the greatest common factor of 309 and 12950499?
309
What is the highest common factor of 214 and 108?
2
What is the highest common divisor of 2520 and 115416?
504
Calculate the highest common divisor of 3935 and 190454.
787
What is the highest common divisor of 48 and 51536?
16
Calculate the greatest common factor of 5193 and 72.
9
Calculate the highest common factor of 735 and 1092.
21
Calculate the highest common divisor of 20060 and 10540.
340
Calculate the highest common divisor of 543 and 743367.
543
What is the highest common divisor of 16 and 30064?
16
Calculate the highest common divisor of 100702 and 42.
14
Calculate the highest common divisor of 937 and 5.
1
What is the greatest common divisor of 1146 and 4966?
382
What is the highest common divisor of 59760 and 135?
45
What is the highest common divisor of 282 and 3567488?
94
What is the greatest common divisor of 24465 and 240?
15
What is the greatest common divisor of 145 and 637594?
29
Calculate the highest common factor of 63776 and 28.
4
What is the greatest common divisor of 94004 and 1136?
284
What is the highest common divisor of 919971 and 351?
351
What is the highest common factor of 207 and 6630624?
207
What is the greatest common factor of 6 and 340926?
6
What is the greatest common divisor of 182479 and 265?
53
Calculate the highest common divisor of 30 and 37482.
6
What is the highest common divisor of 195 and 44565?
15
Calculate the highest common factor of 2760 and 25650.
30
Calculate the greatest common factor of 960 and 18140.
20
What is the highest common divisor of 3051 and 44604?
27
What is the highest common divisor of 2803 and 9?
1
Calculate the highest common divisor of 240009 and 462.
231
Calculate the highest common divisor of 20768 and 13408.
32
Calculate the greatest common divisor of 290870 and 1770.
590
What is the highest common divisor of 116 and 141433?
29
What is the highest common divisor of 551 and 106198?
29
What is the greate